(741/(-117))/(3/(-45)). What is the greatest common factor of s and x?
19
Let r(g) = -2*g**3 - 2*g**2 - 10*g - 3. Let w be r(-4). Suppose 5*b = -3 + w. What is the highest common divisor of b and 13?
13
Let z be 606 - (3 + 6/(-3)). What is the greatest common factor of 55 and z?
55
Suppose 0 = 4*w - 2*w - 2*g - 78, -119 = -3*w + 5*g. What is the greatest common divisor of 551 and w?
19
Let m be ((-8)/(16/(-3)))/((-3)/(-186)). Calculate the greatest common factor of 62 and m.
31
Let j = -14 - -10. Let z be (-296)/(-3)*(-6)/j. Suppose -z = -0*x - x + 3*u, -5*x = -5*u - 700. What is the highest common divisor of 34 and x?
34
Let k(p) = p**2 + 4*p - 1. Let t(y) = -y**2 + 8*y + 12. Let o be t(9). Let v be k(o). What is the greatest common factor of 80 and v?
20
Let k(f) be the second derivative of f**3/6 - 3*f**2/2 - 5*f. Let h be k(4). Calculate the highest common factor of 8 and h.
1
Let g = 11 - 6. Let v be ((-7740)/(-50))/((-1)/(-7 - -2)). Let y be v/28*2 - (-10)/(-35). What is the greatest common divisor of y and g?
5
Suppose 353 = 8*j + 121. What is the greatest common factor of j and 3103?
29
Suppose -2*j = 3 - 11. Suppose -j*a + 10*a = 300. What is the greatest common divisor of a and 25?
25
Let v be 4/(-34) - 41*(-150)/255. Suppose 0 = c - 2*c + 48. Calculate the highest common divisor of c and v.
24
Suppose 3*c = -2*c. Suppose -2*o + 2*p + 42 = c, 2*o + 5*p - 19 = 2. Calculate the highest common divisor of 45 and o.
9
Let o be (-4*(-8)/20)/((-1)/(-15)). Let x = 496 + -240. Suppose -5*f = 76 - x. Calculate the highest common factor of f and o.
12
Let l be -6*((-10)/(-30) - -1*5). Let w = l - -46. Calculate the greatest common factor of w and 98.
14
Let d be 1 + 9/(-1) - 4. Let i = -32 - -15. Let o = d - i. What is the highest common factor of 5 and o?
5
Let u be 8/(-3) + 2*2/6. Let m(w) = w**2 - 4*w - 2. Let p be m(u). Calculate the greatest common factor of 70 and p.
10
Let s = 811 - 804. Calculate the highest common divisor of s and 175.
7
Let u(h) be the first derivative of -24*h**4 + 2*h**3/3 + 3*h**2/2 + h - 1. Let r be u(-1). Let n = 161 - r. Calculate the highest common divisor of 26 and n.
13
Let y be ((-1)/(-3))/((-2)/(-6)). Let r be 1 - (2 - y - 14). Suppose -15 = -3*c - 2*d, -5*c + 29 = 6*d - 4*d. What is the greatest common divisor of r and c?
7
Let v(m) = m**2 + 5*m - 6. Let x be v(-6). Suppose 2*y + 2*y - 620 = 4*t, x = -4*t. Calculate the highest common divisor of 31 and y.
31
Let h be (-1212)/2*(8 - 9). Suppose 3*t = -t - 3*p + h, 2*t - 308 = -4*p. Calculate the highest common divisor of t and 30.
30
Let j = 14 + -10. Suppose -r = 5*m - 18, 5*r + 2*m - 53 - 83 = 0. Suppose 2*p + r = 3*p. Calculate the highest common factor of p and j.
4
Let l be 127 + -63 - (5*-1 + 1). Calculate the highest common divisor of l and 119.
17
Let i(b) = 9*b**2 + 6*b - 156. Let z be i(6). What is the greatest common divisor of z and 1938?
102
Let q(j) = -j**3 + 9*j**2 - 7*j + 2. Let t be q(8). Calculate the greatest common factor of t and 40.
10
Suppose -114*x = -110*x - 24. Let f be (0 + 151 + -1)*4/x. What is the highest common factor of f and 25?
25
Let o be 1166 - (-1)/((-2)/84*-6). Calculate the highest common divisor of 138 and o.
69
Suppose 12*n = 9*n + 180. What is the greatest common divisor of n and 210?
30
Suppose 11*r + 34 = 122. Suppose 4*q = 2*q. Let b = 8 + q. What is the greatest common divisor of r and b?
8
Let a = 40 + 23. Calculate the highest common divisor of a and 9.
9
Let g(v) = 3*v + 27. Let u be g(-8). Calculate the greatest common divisor of 87 and u.
3
Let a = -44 + 53. Let q be 2*(0 - 2) + a. Calculate the highest common divisor of 35 and q.
5
Let l be -2 + 3 + 0 - -5. Suppose 6*t - 32 = 2*t. Suppose -5*q = -t - 112. Calculate the greatest common factor of l and q.
6
Let h = -456 - -656. What is the highest common divisor of h and 16?
8
Suppose -5*r + 5*a = -65, -2*r - 8 = -5*a - 22. Calculate the greatest common divisor of 17 and r.
17
Suppose 0 = -3*v + 25 - 1. Let c = -8 - -40. Suppose 2*b - 29 = 2*i + 5, b - c = 4*i. Calculate the highest common factor of v and b.
4
Let r(b) = b**2 - b - 2. Suppose -3*h = k - 11, -1 = -4*k + 7. Let o be r(h). Suppose -o*c + 23 = -49. What is the greatest common factor of c and 45?
9
Let r(h) = h**2 + 12*h + 64. Let v be r(-10). Calculate the greatest common divisor of 8 and v.
4
Let d be 1012/(-33)*12/(-16). Calculate the greatest common divisor of 46 and d.
23
Let b(j) = j**3 + 23*j**2 - 50*j - 3. Let y be b(-25). Let a be (65/6 - y) + (-3)/(-18). What is the highest common divisor of 21 and a?
7
Suppose 3*u = 9, 44 - 17 = 4*d + 5*u. Let q = -30 - -69. Calculate the greatest common divisor of q and d.
3
Let y(s) = s**3 + 23*s**2 - 38*s - 54. Let o be y(-24). What is the highest common divisor of 24 and o?
6
Suppose -v + 4*r = 2*r - 17, -72 = -3*v - r. Calculate the highest common divisor of 253 and v.
23
Let h be 4/3 + 1/(-3). Let a be 10/4*(-5 + h). Let p = 19 + a. Calculate the highest common factor of p and 99.
9
Suppose -k - 5*z - 29 + 131 = 0, 4*z - 20 = 0. Suppose 2*w - w = k. Let s(f) = -f + 13. Let g be s(6). Calculate the greatest common divisor of g and w.
7
Suppose 22*i = 19091 + 16835. Calculate the highest common factor of 71 and i.
71
Let b(y) = y**3 + 17*y**2 + 20*y + 9. Let w be b(-18). Let k be w/(-10)*(-6)/(-9). What is the greatest common divisor of 30 and k?
15
Let x = 45 + -43. Let m = -3 - -5. Let n = m - -3. What is the highest common factor of n and x?
1
Suppose 216 = -33*r + 2889. What is the greatest common factor of r and 324?
81
Suppose -39 + 173 = 4*l - 2*h, h = -3*l + 103. Let f = -2306 + 2391. What is the highest common factor of f and l?
17
Let i(w) = w**2 - 10*w + 2. Let m(f) = 2*f - 18. Let n be m(14). Let g be i(n). Calculate the greatest common divisor of 18 and g.
2
Let n be (-4)/((-91)/210 - (-5)/15). Calculate the highest common factor of 145 and n.
5
Let r(t) = 3*t**2 - 4*t - 1. Let x be r(3). Suppose -q + x = 1. Suppose -20*a = -17*a - 117. Calculate the greatest common divisor of a and q.
13
Let m(w) = -6*w - 12. Let g be m(-9). Let a be -1*3/3*-5. Let k = 1 + a. What is the greatest common divisor of k and g?
6
Suppose -3*b + 27 = -3*v, -2*v - 23 - 15 = -4*b. Suppose z = -2*d - 3*z + 24, -2*z = 2*d - 22. Calculate the greatest common divisor of b and d.
10
Let t be 4/(-2) - (-7 + 2). Suppose -74 = t*r + 1. Let q = r - -53. Calculate the highest common factor of 308 and q.
28
Let k(t) = -t**3 + 7*t**2 - t - 37. Let a be k(5). Calculate the greatest common divisor of a and 64.
8
Let l be 68/(-12) + 5 + (-814)/(-33). What is the highest common divisor of 456 and l?
24
Let f(k) = -2*k + 8. Let p be f(-8). Suppose -s = -4*b + 283, 2*s = -2*b + 82 + 72. What is the greatest common divisor of p and b?
24
Suppose m - 2*m - 3*k + 17 = 0, 3*m = -4*k + 26. Let s = m + 11. What is the greatest common factor of s and 130?
13
Let d = -22 - -16. Let s be (-5)/(-30) + (-101)/d. What is the highest common factor of 119 and s?
17
Let x = -24 - -23. Let n(w) = -62*w**3 - 3*w - 2. Let u be n(x). What is the greatest common divisor of 7 and u?
7
Suppose -5*b + 0*b + 20 = 0. Suppose 2*i = -h - b*h + 74, -128 = -4*i - 5*h. Let v = 1417 - 1399. Calculate the greatest common divisor of v and i.
9
Let k be (-1)/(-2)*24/(-4). Let b = k + 2. Let c be b + 2 - (3 + -18). Calculate the highest common divisor of c and 4.
4
Suppose -2*w - 4*z + 163 - 21 = 0, -z + 3 = 0. What is the greatest common divisor of w and 10?
5
Suppose -23*i = -69 - 69. Let c(o) = 9*o - 6. Let r be c(6). Calculate the highest common divisor of r and i.
6
Let l = 692 - -211. Calculate the highest common divisor of 42 and l.
21
Suppose 0 = -2*u - u + 30. What is the highest common divisor of 140 and u?
10
Suppose -6*t + 9 = -27. Let r(g) = g**3 + 13*g**2 + 14*g - 6. Let s be r(-10). Suppose 4*l - 14 = s. Calculate the greatest common divisor of l and t.
6
Let z be ((-2)/(-3))/(24/180). Suppose -35 = -d - z*k, -3*k = 8*d - 3*d - 109. What is the highest common factor of 20 and d?
20
Let n(i) = i + 18. Let l be n(0). Let f be (-189)/l*(-16)/6. Suppose 3*x + 89 = 4*o + f, -x - 15 = -o. What is the greatest common divisor of o and 24?
8
Let d be ((-2)/(-8))/((-246)/(-48) + -5). Let h be (-1 - 0)